?
358
What is the highest common divisor of 36 and 58042932?
12
Calculate the greatest common divisor of 1519 and 56606.
31
Calculate the greatest common divisor of 12567 and 423561.
177
Calculate the greatest common factor of 254800 and 7656.
8
What is the highest common factor of 396237330 and 2010?
2010
What is the greatest common factor of 5083 and 206218?
23
What is the greatest common factor of 1533 and 9561195?
21
Calculate the greatest common factor of 490328 and 9488.
8
Calculate the greatest common factor of 3096664 and 8.
8
Calculate the highest common divisor of 194511 and 99291.
69
What is the greatest common factor of 972 and 990468?
972
Calculate the highest common factor of 9509766 and 698649.
6783
What is the highest common divisor of 1207797 and 36201?
3291
Calculate the greatest common divisor of 1022 and 5197162.
146
Calculate the greatest common factor of 298075386 and 63.
21
Calculate the greatest common factor of 891 and 123462.
9
What is the greatest common divisor of 32066578 and 618?
206
What is the greatest common factor of 9699992 and 59496?
536
Calculate the highest common divisor of 4615 and 4564093.
71
Calculate the greatest common divisor of 2205411 and 3900.
39
Calculate the greatest common divisor of 36270898 and 3028.
1514
Calculate the greatest common divisor of 1066489 and 33136.
19
What is the highest common factor of 576078 and 1752?
6
Calculate the greatest common divisor of 945 and 1097334.
189
Calculate the highest common factor of 23488953 and 9.
3
What is the highest common factor of 8 and 122756784?
8
What is the highest common divisor of 33875 and 4000?
125
What is the highest common divisor of 85099977 and 5589?
1863
What is the greatest common divisor of 4694520 and 22736?
232
What is the greatest common divisor of 4313205 and 466115?
6565
Calculate the greatest common divisor of 870639 and 1551.
33
Calculate the highest common divisor of 10120 and 18694170.
2530
What is the greatest common divisor of 16470 and 189594?
54
What is the greatest common factor of 284 and 10005959?
71
Calculate the greatest common divisor of 27528 and 25008744.
888
Calculate the greatest common factor of 6552 and 303381.
117
Calculate the greatest common factor of 98 and 57633898.
98
Calculate the greatest common divisor of 602121 and 9984.
39
What is the greatest common divisor of 41905935 and 17?
17
What is the greatest common factor of 5783 and 410124577?
5783
What is the greatest common divisor of 207140472 and 8?
8
Calculate the greatest common factor of 577408 and 1229768.
2776
Calculate the highest common factor of 62592 and 14604.
12
What is the greatest common divisor of 49044 and 606828?
732
Calculate the greatest common divisor of 27809694 and 528.
66
What is the greatest common factor of 104000 and 112736?
416
Calculate the greatest common divisor of 327168 and 55806.
426
Calculate the highest common divisor of 234624 and 1795494.
282
Calculate the highest common divisor of 1323400384 and 192.
64
Calculate the greatest common factor of 5419932 and 84.
84
What is the highest common factor of 122588 and 103018?
38
What is the greatest common divisor of 14238792 and 41004?
612
What is the highest common divisor of 3165 and 134503638?
633
Calculate the greatest common factor of 191221264 and 2691.
299
Calculate the highest common factor of 154 and 32729389.
77
Calculate the highest common factor of 2633688 and 4728.
24
Calculate the highest common factor of 116481 and 2920548.
2841
Calculate the greatest common divisor of 5190 and 16258540.
1730
What is the highest common factor of 407 and 342672?
11
What is the highest common divisor of 5 and 17045087?
1
Calculate the greatest common divisor of 978062 and 3710.
106
What is the highest common divisor of 18 and 7905033?
9
Calculate the highest common factor of 46 and 316508014.
46
What is the highest common factor of 115466536 and 839?
839
What is the greatest common factor of 83119 and 58867?
43
What is the greatest common divisor of 2586454 and 8333?
13
What is the highest common divisor of 458 and 272144974?
458
Calculate the highest common divisor of 6230 and 13295.
5
What is the greatest common factor of 73240687 and 39?
13
Calculate the highest common divisor of 189 and 4074021.
63
What is the highest common divisor of 170560306 and 333?
37
Calculate the greatest common factor of 39204434 and 48902.
998
Calculate the greatest common divisor of 55 and 272667098.
11
Calculate the highest common factor of 108205 and 26452085.
1615
Calculate the greatest common divisor of 5254 and 8390342.
74
Calculate the greatest common factor of 284 and 3690712.
4
Calculate the highest common divisor of 658266 and 2506.
14
What is the greatest common factor of 9900 and 1855791300?
3300
Calculate the highest common divisor of 9428736 and 768.
768
What is the highest common factor of 1536 and 7032?
24
Calculate the greatest common factor of 71201 and 144443.
13
Calculate the greatest common factor of 201674 and 3916.
1958
Calculate the greatest common factor of 689954433 and 623.
623
What is the greatest common factor of 177 and 131912908?
59
Calculate the greatest common factor of 56595 and 1190805.
1155
Calculate the highest common divisor of 68809182 and 156.
78
What is the highest common factor of 1476239 and 88433?
191
Calculate the greatest common factor of 303065 and 55.
5
Calculate the greatest common divisor of 9594 and 16550716.
1066
Calculate the greatest common factor of 279699 and 171.
57
What is the highest common divisor of 3002543 and 4184?
523
What is the highest common factor of 1068 and 1088508?
12
Calculate the highest common factor of 330833664 and 1967.
1967
Calculate the highest common factor of 43074912 and 48.
48
Calculate the highest common factor of 255814760 and 64.
8
What is the greatest common divisor of 1057721 and 35?
7
Calculate the greatest common factor of 7591450 and 475.
475
Calculate the highest common divisor of 81729736 and 264.
88
Calculate the highest common factor of 8694 and 3136308.
42
What is the highest common factor of 48590776 and 580?
116
Calculate the highest common divisor of 1536 and 8657920.
512
What is the highest common factor of 18784 and 78448441?
587
Calculate the highest common divisor of 7918 and 1374774627.
3959
Calculate the highest common factor of 583933386 and 996.
498
Calculate the greatest common divisor of 1569926 and 58298.
206
What is the greatest common divisor of 839728 and 544?
16
Calculate the highest common factor of 438416 and 454740.
2332
What is the greatest common factor of 39 and 8183955?
39
What is the greatest common divisor of 44100 and 263195100?
6300
What is the greatest common divisor of 78400 and 27650?
350
Calculate the greatest common divisor of 778098 and 559896.
246
Calculate the highest common divisor of 42490257 and 1059.
1059
Calculate the highest common factor of 174201440 and 680.
40
Calculate the highest common divisor of 5 and 13424525.
5
Calculate the highest common divisor of 22 and 13450952.
2
What is the highest common divisor of 3686 and 131726?
194
What is the highest common divisor of 8640 and 14525?
5
What is the highest common factor of 307541 and 126772?
41
What is the greatest common factor of 168701 and 95?
19
What is the greatest common divisor of 630 and 56752710?
210
Calculate the greatest common factor of 390 and 40202430.
30
Calculate the highest common divisor of 738 and 18015426.
18
Calculate the highest common factor of 13950030 and 82365.
4335
Calculate the greatest common divisor of 1288500 and 4500.
1500
Calculate the highest common factor of 128960175 and 5.
5
What is the greatest common factor of 15 and 32619351?
3
Calculate the greatest common factor of 541944 and 372.
12
Calculate the highest common divisor of 997890 and 10375910.
10730
Calculate the greatest common divisor of 231 and 826751387.
77
Calculate the highest common factor of 48 and 2440038.
6
Calculate the greatest common factor of 26 and 614335397.
13
What is the highest common divisor of 14 and 24405780?
14
Calculate the highest common factor of 96 and 12034920.
24
What is the highest common factor of 41536092 and 317892?
5388
What is the highest common divisor of 1727246 and 18146?